rmine f(-18).
-5
Let m(o) = -o + 1. Give m(-8).
9
Let x(p) = 24*p + 771. Calculate x(-32).
3
Let g(t) = -t**2 + 31*t - 173. Calculate g(23).
11
Let a(m) = m**2 + m - 2. What is a(0)?
-2
Let d(j) = -j**3 - 2*j**2 + j + 1. What is d(-1)?
-1
Let k(r) = -5*r - 3. Give k(-2).
7
Let b(m) = -5*m**2 + 15*m - 21. What is b(2)?
-11
Let y(m) = -m**3 + 27*m**2 - 5*m + 131. Calculate y(27).
-4
Let w(g) = g**3 + 5*g**2 + g + 5. Calculate w(-4).
17
Let k(y) = y**3 - 6*y**2 - 11*y + 5. Determine k(8).
45
Let a(n) = 6*n - 70. What is a(5)?
-40
Let k(z) = -z**2 + 31*z - 174. Calculate k(7).
-6
Let h(q) = 2*q**2 + 16*q + 9. Calculate h(-7).
-5
Let g(p) = 2*p**2 + 8*p + 6. Give g(5).
96
Let u(n) = n**3 + 7*n**2 + 12*n + 1. Give u(-5).
-9
Let s(h) = 10*h**2 + 2*h + 1. Calculate s(-1).
9
Let y(g) = 39*g - 390. Determine y(10).
0
Let f(g) = -g**2 + g - 32. Calculate f(0).
-32
Let d(w) = 2*w**3 + 4*w**2 + 3*w - 3. Give d(-3).
-30
Let h(p) = -3*p**2 + 24*p + 24. Determine h(8).
24
Let n(x) = x**3 - 5*x**2 - x + 14. Determine n(4).
-6
Let l(u) = -5*u**3 + 7*u - 7. Determine l(1).
-5
Let g(k) = -k - 3. Give g(12).
-15
Let q(c) = -2*c**2 + 15*c - 28. Determine q(6).
-10
Let r(o) = 35*o**2 + 1. Give r(1).
36
Let b(s) = 10*s - 263. Give b(26).
-3
Let o(r) = -9*r + 24. Give o(10).
-66
Let q(d) = -4*d**2 + 49*d - 145. Determine q(8).
-9
Let c(v) = -v**2 - 13*v - 21. Determine c(-11).
1
Let f(w) = 3*w**2 - 10*w - 1. Calculate f(4).
7
Let z(f) = -5*f**2 + 45*f - 68. Calculate z(7).
2
Let o(x) = -x**2 + 7*x + 3. Give o(10).
-27
Let z(q) = -3*q**2 + 10*q + 29. What is z(7)?
-48
Let b(d) = 45*d - 2. Determine b(-1).
-47
Let i(f) = f**2 + 8*f + 13. Determine i(-3).
-2
Let j(o) = 5*o - 7. Determine j(0).
-7
Let y(l) = -7*l**2 + 8*l - 4. Determine y(4).
-84
Let x(t) = t**3 - t**2 - 22. Calculate x(0).
-22
Let i(b) = -20*b**2 - 3*b + 4. Determine i(1).
-19
Let r(s) = s**3 - 18*s**2 - 60*s - 70. Determine r(21).
-7
Let v(p) = 22*p**2 + 3*p + 2. Give v(-1).
21
Let k(g) = -12*g**2 + 456*g - 15. Determine k(38).
-15
Let d(r) = -2*r**2 + 28*r - 90. Determine d(4).
-10
Let x(v) = -v - 13. What is x(-17)?
4
Let t(n) = -2*n**2 + 16*n - 29. Determine t(9).
-47
Let h(g) = 10*g**3 - 3*g**2 + 2*g - 3. What is h(2)?
69
Let g(t) = 3*t**2 + 12*t - 3. Calculate g(-4).
-3
Let m(r) = r + 19. Calculate m(-17).
2
Let w(s) = -s - 23. Give w(-22).
-1
Let j(n) = 3*n + 32. Give j(-12).
-4
Let f(q) = q**3 + 3*q**2 + 2*q - 6. Give f(0).
-6
Let l(m) = -m**3 + 10*m**2 - 8*m + 7. Give l(9).
16
Let z(o) = 2*o**2 + 14*o - 22. What is z(-8)?
-6
Let k(j) = j**2 - 27*j + 90. Give k(6).
-36
Let w(d) = -23*d**2 + 184*d - 1. What is w(8)?
-1
Let q(l) = 4*l**2 + 19*l - 8. Determine q(-4).
-20
Let x(z) = -z**3 - 7*z**2 + 9*z + 9. Give x(-8).
1
Let b(a) = -a**3 + 5*a**2 - 20*a + 62. Determine b(4).
-2
Let d(r) = -2*r**2 + r - 13. Calculate d(4).
-41
Let f(k) = -6*k - 14. Give f(-10).
46
Let a(z) = -2*z**3 - 40*z**2 + 10*z + 179. Determine a(-20).
-21
Let s(z) = -z**2 + 5*z + 12. Give s(5).
12
Let v(t) = 3*t + 19. Give v(-9).
-8
Let n(r) = -r**3 + 8*r**2 - 2*r - 1. Give n(8).
-17
Let l(y) = 4*y - 18. What is l(4)?
-2
Let o(z) = -6*z + 1. Calculate o(1).
-5
Let c(g) = 2*g**2 + 2*g + 4. Determine c(3).
28
Let w(p) = p**3 + 18*p**2 - 18*p + 12. Calculate w(-19).
-7
Let c(j) = -33*j**3 - 2*j**2 + j + 2. What is c(-1)?
32
Let o(z) = -31*z**3 + z**2 + z. Calculate o(-1).
31
Let j(n) = n**3 - n**2 + 3*n - 20. Determine j(0).
-20
Let t(y) = 8*y**2 + 50*y + 8. What is t(-6)?
-4
Let h(m) = m**3 + 13*m**2 - m - 13. Give h(-13).
0
Let h(q) = 46*q**2 + 2*q - 3. Give h(1).
45
Let j(v) = -8*v + 79. Give j(10).
-1
Let r(z) = -z**2 - 23*z - 101. Give r(-19).
-25
Let y(u) = -2*u - 9. Calculate y(-9).
9
Let m(p) = p**3 - 3*p**2 - 4*p - 6. Determine m(5).
24
Let w(k) = k**3 + 5*k**2 - 11*k + 8. What is w(-7)?
-13
Let v(i) = 2*i**2 + 12*i - 6. Calculate v(-7).
8
Let g(x) = -36*x - 234. Give g(-7).
18
Let j(m) = -m**3 + 8*m**2 - 4*m + 9. What is j(8)?
-23
Let p(v) = -13*v + 31. Determine p(4).
-21
Let x(g) = -g - 9. What is x(-7)?
-2
Let u(k) = 7*k - 1. Calculate u(5).
34
Let k(v) = v + 12. What is k(-6)?
6
Let w(x) = x**3 + 5*x**2 + 5*x + 1. Give w(-2).
3
Let h(a) = -4*a**2 + 23. Determine h(-3).
-13
Let n(o) = -13*o + 1. Give n(-8).
105
Let k(z) = -z**3 + 7*z**2 - 6*z + 36. Calculate k(7).
-6
Let c(a) = 3*a + 1. What is c(-2)?
-5
Let u(k) = -k. What is u(-10)?
10
Let o(j) = j**2 + 15*j + 49. What is o(-7)?
-7
Let t(r) = -r - 14. What is t(-6)?
-8
Let v(k) = 9*k**2 + 3*k - 9. Determine v(-4).
123
Let g(l) = l**3 - 6*l**2 + 5*l - 2. What is g(3)?
-14
Let f(c) = -c**3 + 5*c**2 + 9*c - 4. Calculate f(7).
-39
Let r(q) = q**3 - 27*q**2 + 50*q. Give r(25).
0
Let a(d) = -d**2 - 8*d - 58. Calculate a(0).
-58
Let o(j) = -j - 47. Determine o(35).
-82
Let t(d) = d - 11. Calculate t(7).
-4
Let b(v) = -13*v - 94. What is b(-11)?
49
Let f(w) = w**3 + 13*w**2 + 14*w + 9. Calculate f(-12).
-15
Let p(g) = 2*g**2 - 17*g - 3. What is p(8)?
-11
Let w(c) = -c**2 - 9*c + 15. Give w(-11).
-7
Let j(z) = -z**2 - 10*z + 11. Give j(-12).
-13
Let x(k) = k**2 - 22*k + 71. What is x(18)?
-1
Let p(y) = -y**3 - 13*y**2 - 15*y - 30. Calculate p(-12).
6
Let q(f) = f**3 - 2*f**2 + f + 2. Calculate q(-1).
-2
Let q(r) = r**2 + 12. Give q(0).
12
Let j(v) = v**3 - 4*v**2 + v. What is j(2)?
-6
Let f(k) = 2*k + 6. Determine f(6).
18
Let i(j) = -6*j - 1. What is i(1)?
-7
Let p(u) = 24*u - 166. What is p(7)?
2
Let u(c) = 2*c**3 + 10*c**2 + 12*c + 44. What is u(-5)?
-16
Let j(f) = 14*f - 139. What is j(9)?
-13
Let f(o) = 17*o + 68. What is f(-6)?
-34
Let o(l) = -l - 3. Calculate o(7).
-10
Let m(g) = 13*g - 5. What is m(-5)?
-70
Let t(m) = -m**2 + m + 64. Determine t(9).
-8
Let m(w) = 10*w - 49. Determine m(6).
11
Let w(b) = b**2 + 2*b - 4. Determine w(0).
-4
Let t(i) = 2*i**2 - i - 6. Calculate t(0).
-6
Let h(r) = 3*r**2 + 2*r + 4. Determine h(-2).
12
Let a(m) = m**3 - 9*m**2 + 5*m + 6. What is a(9)?
51
Let p(x) = x**3 - 5*x**2 + 3*x. Calculate p(3).
-9
Let m(w) = w - 33. What is m(41)?
8
Let d(n) = n**3 - 6*n**2 + 5*n - 5. Give d(5).
-5
Let b(r) = -2*r - 6. Give b(-6).
6
Let r(o) = -60*o - 490. Determine r(-8).
-10
Let c(l) = l**2 - 18*l - 71. Calculate c(22).
17
Let l(k) = k**2 - 17. What is l(-3)?
-8
Let i(j) = 35*j**3 + j**2. Determine i(1).
36
Let r(f) = 5*f**2 - 40*f + 25. Calculate r(7).
-10
Let c(j) = j**3 + 11*j**2 + 11*j + 2. Calculate c(-10).
-8
Let r(g) = -g**2 + 16*g + 133. Give r(-6).
1
Let p(j) = -5*j**3 + 3*j**2 - 9*j - 12. What is p(-1)?
5
Let k(r) = -11*r + 540. What is k(49)?
1
Let t(g) = -3*g - 42. Determine t(-15).
3
Let d(a) = -a**2 + 7*a - 1. Calculate d(6).
5
Let h(c) = -c**2 - 5*c - 4. Calculate h(-7).
-18
Let o(w) = 2*w**3 + 97*w**2 - 47*w + 101. What is o(-49)?
3
Let f(b) = b**2 + 16*b - 5. Determine f(-16).
-5
Let y(w) = 22*w + 11. Determine y(-3).
-55
Let l(f) = f**2 + 33*f - 553. Determine l(-45).
-13
Let l(w) = -w**3 - 9*w**2 - 8*w + 6. What is l(-8)?
6
Let n(p) = -4*p**2 + p - 7. Determine n(2).
-21
Let p(t) = -2*t + 7. Determine p(12).
-17
Let a(m) = -m**3 - 12*m**2 - 17*m + 23. Calculate a(-10).
-7
Let h(x) = 7*x - 8. What is h(6)?
34
Let c(z) = -z**3 + 7*z**2 - 12*z + 21. What is c(6)?
-15
Let q(r) = -2*r**2 + 3*r - 5. Determine q(3).
-14
Let i(f) = f - 27. Give i(17).
-10
Let o(y) = y**3 - 4*y**2 + 2*y + 3. Calculate o(3).
0
Let u(b) = -b**3 - 5*b**2 + 4. Determine u(-4).
-12
Let a(w) = -2*w + 45. Calculate a(-15).
75
Let f(w) = -w - 12. Give f(-13).
1
Let q(o) = -19*o + 17. What is q(1)?
-2
Let q(k) = k**2 - 10*k - 28. Give q(13).
11
Let a(q) = 12*q + 2. Calculate a(-2).
-22
Let f(t) = -t**3 - 6*t**2 + 11*t + 21. Determine f(-7).
-7
Let b(h) = h**2 + 8*h + 20. Give b(-8).
20
Let a(y) = -24*y + 3. Give a(2).
-45
Let z(t) = 4*t**2 - 2*t + 24. What is z(4)?
80
Let j(t) = -t**2 + 4*t + 7. Calculate j(8).
-25
Let s(k) = -76*k - 22. Calculate s(-1).
54
Let c(d) = 24*d - 3. Determine c(0).
-3
Let w(g) = -g**3 + 5*g**2 + 8*g - 13. Give w(6).
-1
Let k(q) = -4*q - 19. Calculate k(-9).
17
Let l(o) = 6*o + 63. Calculate l(-10).
3
Let j(r) = -r**2 - 7*r - 4. Determine j(-5).
6
Let r(k) = k**3 + 8*k**2 - 5*k + 22. Give r(-9).
-14
Let b(u) = 26*u - 70. Calculate b(6).
86
Let f(t) = -15*t**2 + 41*t + 5. Calculate f(3).
-7
Let a(i) = -i**3 + 5*i**2 + 19*i - 63. W